{"id":339,"date":"2025-12-19T11:10:55","date_gmt":"2025-12-19T08:10:55","guid":{"rendered":"https:\/\/degirmentaslari.com\/?page_id=339"},"modified":"2025-12-19T11:15:07","modified_gmt":"2025-12-19T08:15:07","slug":"tahin-degirmeni-taslari-%d8%a7%d9%84%d8%b9%d8%b1%d8%a8%d9%8a%d8%a9","status":"publish","type":"page","link":"https:\/\/degirmentaslari.com\/?page_id=339&lang=ar","title":{"rendered":"TAH\u0130N DE\u011e\u0130RMEN\u0130 TA\u015eLARI &#8211; \u0627\u0644\u0639\u0631\u0628\u064a\u0629"},"content":{"rendered":"","protected":false},"excerpt":{"rendered":"","protected":false},"author":1,"featured_media":0,"parent":0,"menu_order":0,"comment_status":"closed","ping_status":"closed","template":"","meta":{"footnotes":""},"class_list":["post-339","page","type-page","status-publish","hentry"],"_links":{"self":[{"href":"https:\/\/degirmentaslari.com\/index.php?rest_route=\/wp\/v2\/pages\/339","targetHints":{"allow":["GET"]}}],"collection":[{"href":"https:\/\/degirmentaslari.com\/index.php?rest_route=\/wp\/v2\/pages"}],"about":[{"href":"https:\/\/degirmentaslari.com\/index.php?rest_route=\/wp\/v2\/types\/page"}],"author":[{"embeddable":true,"href":"https:\/\/degirmentaslari.com\/index.php?rest_route=\/wp\/v2\/users\/1"}],"replies":[{"embeddable":true,"href":"https:\/\/degirmentaslari.com\/index.php?rest_route=%2Fwp%2Fv2%2Fcomments&post=339"}],"version-history":[{"count":1,"href":"https:\/\/degirmentaslari.com\/index.php?rest_route=\/wp\/v2\/pages\/339\/revisions"}],"predecessor-version":[{"id":343,"href":"https:\/\/degirmentaslari.com\/index.php?rest_route=\/wp\/v2\/pages\/339\/revisions\/343"}],"wp:attachment":[{"href":"https:\/\/degirmentaslari.com\/index.php?rest_route=%2Fwp%2Fv2%2Fmedia&parent=339"}],"curies":[{"name":"wp","href":"https:\/\/api.w.org\/{rel}","templated":true}]}}